 a(-6). Let x be (m/30)/(2/(-6)). Suppose 15*p = 14*p + x. What are the prime factors of p?
2, 23
Suppose -5*p - 111 + 1101 = 0. What are the prime factors of p?
2, 3, 11
Let s(d) = -2*d + 9. Let a be s(2). Suppose b + 0*u - 111 = u, -341 = -3*b + a*u. What are the prime factors of b?
107
Suppose 50 = 5*c + 10. Let j(w) = -w**3 - w**2 + 4*w - 5. Let d be j(-4). Suppose -o + d = -c. What are the prime factors of o?
5, 7
Let h = -19 - -22. Let y be (6/9)/(2/261). Suppose -h*k + 21 = -y. What are the prime factors of k?
2, 3
Let v(a) = -a**3 - 4*a**2 + 24*a - 14. List the prime factors of v(-11).
569
Suppose 3*h + 5*r = -0*r - 85, 5*h + 120 = -4*r. Let z be (-3)/6 - h/8. Suppose 4*d = 4, -z*j + 53 = 2*d - 1. List the prime factors of j.
2, 13
Suppose 3 = 3*b + 18. Let j(w) = w**3 + 4*w**2 - 8*w + 9. Let f(t) = -2*t**3 - 8*t**2 + 17*t - 19. Let n(d) = b*j(d) - 2*f(d). List the prime factors of n(-6).
29
Suppose 0 = -y + 5*t + 120, 544 = 4*y - 4*t - 0*t. Let f = 30 + -21. List the prime factors of (-6)/f + y/12.
11
Suppose -11*q + 688 = 5*q. List the prime factors of q.
43
Let w = 18 - 2. What are the prime factors of 3122/w + (-2)/16?
3, 5, 13
Let p(h) = 3*h**2 - 15*h + 4. Let a(b) = 6*b**2 - b - 1. Let s be a(-1). What are the prime factors of p(s)?
2, 11
Let i = 0 - 1. Let z = -2 - i. What are the prime factors of (-3)/3 - (-8 + z)?
2
Let m(x) = 39*x**2 - 13*x - 9. Let j(f) = -26*f**2 + 9*f + 6. Let v(g) = 7*j(g) + 5*m(g). What are the prime factors of v(2)?
3, 5
Let z(i) be the first derivative of 4*i**3/3 - 4*i**2 - 9*i + 11. List the prime factors of z(5).
3, 17
Let k = -192 + 328. List the prime factors of k.
2, 17
Let m be ((-2)/(-1) + -14)/((-2)/87). Suppose 1647 = 9*r + m. List the prime factors of r.
5
Let b(r) = -38*r - 1. Let o be b(-1). Suppose 39*a = o*a + 676. List the prime factors of a.
2, 13
Let s(c) = 977*c**2 - 11*c - 10. List the prime factors of s(-1).
2, 3, 163
Let d be (-204)/10 - (-6)/15. Let b be (-3)/(-9) + d/(-12). Suppose w - 90 = -b*w. List the prime factors of w.
2, 3, 5
Let l(o) = -3*o**2 - 42. Let y be l(0). Let h = 76 + y. What are the prime factors of h?
2, 17
Let p(m) = 12*m - 13. Let v(h) = -h**3 + 5*h**2 - h + 1. Let f be v(5). Let o(d) = -11*d + 13. Let a(j) = f*p(j) - 5*o(j). What are the prime factors of a(6)?
29
Let f = -39 + 34. List the prime factors of f*(-6)/15 - (-100 + -1).
103
Suppose 0 = 5*n - 5, -7*n = -2*f - 3*n + 1640. List the prime factors of f.
2, 3, 137
Let w be (-3)/9 - (-10)/12*4. Suppose -2*u = u - r - 528, -w*u + 513 = 4*r. List the prime factors of u.
5, 7
Let v = 640 + -265. Suppose 4*s - 9*s = -v. List the prime factors of s.
3, 5
Suppose s = 3*h - 1255, 3*h = h - s + 845. What are the prime factors of h?
2, 3, 5, 7
Let p(b) = -23*b**3 - 2*b**2 - 4*b - 5. Let c be p(-2). Suppose i + c = -a - 0*i, 4*a + i = -713. Let q = -120 - a. What are the prime factors of q?
2, 29
Let l(g) be the second derivative of g**4/4 + g**3/6 + 3*g**2 - 2*g. Let c be l(6). Suppose 0 = -3*q - o + 72, q + c = 6*q + 2*o. List the prime factors of q.
2, 3
List the prime factors of 7946*(-5)/(-70) + 20/(-35).
3, 7
Let j = 3 - 8. What are the prime factors of 6/(-15) + 0 - 262/j?
2, 13
Suppose 4*p = -4*z, 4*p + p - 15 = -2*z. Suppose 17 = -p*s + 237. What are the prime factors of s?
2, 11
Let b = 7 + -4. Suppose 21 - b = 2*v. Let o(t) = 4*t - 9. What are the prime factors of o(v)?
3
Suppose -5*a - 3*d = 365, -4*d + 146 = 9*a - 11*a. List the prime factors of (-2 - a) + (-1 - -5).
3, 5
Suppose 1671 = 5*q - y, y + 4 - 8 = 0. List the prime factors of q.
5, 67
Suppose k + 2*k = -4*g + 57, -12 = -k + g. Suppose k*p + 415 = 20*p. List the prime factors of p.
83
Suppose -5*m - 4*g + 3*g = 257, 3*g = 9. Let q = 13 + m. Let t = 66 + q. What are the prime factors of t?
3
Let g(w) = 2*w - 33. Let b be g(19). Suppose -a - b = -42. List the prime factors of a.
37
Let m = -77 - -80. Suppose -2*z = -n + 277, 3*n + 8*z - 809 = m*z. List the prime factors of n.
3, 7, 13
Let d = 1491 + -806. What are the prime factors of d?
5, 137
Suppose -3*a = a + 464. What are the prime factors of ((-2)/(-4))/((-2)/a)?
29
Let x = 19 - 15. Let l be x/8*6 + 3. Suppose l*q = q + 190. What are the prime factors of q?
2, 19
Suppose 5*p - 5317 + 673 = i, 0 = 5*p - 2*i - 4643. What are the prime factors of p?
929
Suppose -5*l = 57 + 193. List the prime factors of -6*(-3)/((-9)/l).
2, 5
Let f = 30 + 463. List the prime factors of f.
17, 29
Suppose 0 = l - g - 456, -4*l + 453 = -3*l + 2*g. What are the prime factors of l?
5, 7, 13
Suppose 2*u - 548 = 490. What are the prime factors of u?
3, 173
Let z = -12 + 14. List the prime factors of (-3330)/(-40) + z/(-8).
83
Let l(q) = q**2 - q + 1. Let v(a) = -a**3 - 8*a**2 + 15*a - 4. Let u(k) = 6*l(k) + v(k). List the prime factors of u(-5).
2
Let o(c) = -c. Let w(j) = -10*j - 10. Let d(a) = 5*o(a) - w(a). What are the prime factors of d(0)?
2, 5
Suppose -4*s - 7 = -39. Suppose -s*m + 1181 = 181. List the prime factors of m.
5
Let g = -112 + 958. List the prime factors of g.
2, 3, 47
Suppose -3*r + 5*t - 20 = 0, 0 = 3*r + 4*t - 4 + 15. Let x be 16/r*(-20)/8. Suppose 0 = 6*h - 356 + x. What are the prime factors of h?
2, 29
Let d(m) be the second derivative of 11*m**3/2 - 3*m**2 + 12*m. List the prime factors of d(4).
2, 3, 7
Suppose z - 24 = -3*z. Let p(h) = -18*h - 16. Let t be p(-7). Suppose z*x = x + t. List the prime factors of x.
2, 11
Suppose w - 3*w = 0. Suppose w = i - 0*i - 8. Let k = 2 + i. What are the prime factors of k?
2, 5
Let d be (-1)/2 + 495/(-30). Suppose -5*c + 462 = c. Let l = d + c. List the prime factors of l.
2, 3, 5
Suppose -2*v - 1399 = -2*p - 83, 3*p + 2*v = 1994. List the prime factors of p.
2, 331
Suppose -3*l - 4*u = -5*l + 748, l - 5*u = 365. What are the prime factors of l?
2, 5, 19
List the prime factors of 1 + 1184/22 + (-148)/(-814).
5, 11
Let d = 1672 - 1107. List the prime factors of d.
5, 113
Let i(m) = -18*m**2 - 7. Let v be i(5). Let t = v - -644. List the prime factors of t.
11, 17
Suppose -i + 0*i = -135. Suppose -2*x - 29 + i = 0. List the prime factors of x.
53
Suppose 151892 = 122*h - 70*h. What are the prime factors of h?
23, 127
List the prime factors of (3 - -2946) + 8/(-28)*7.
7, 421
Suppose 5*r = 5*i - 1395, -5*r + 3 = -2. Suppose 0 = 2*c - 4*c + i. List the prime factors of c.
2, 5, 7
Let w(t) = t**3 + 9*t**2 - 13*t + 25. What are the prime factors of w(9)?
2, 683
Let w(n) = 51*n + 2. Let m(x) = -x. Let a be (-11)/(-9) - (-2)/(-9). Let k(p) = a*w(p) + 3*m(p). What are the prime factors of k(1)?
2, 5
Let p be 2*(-1*(-23)/2 + 3). Let w = p + 11. What are the prime factors of w?
2, 5
Let i be 1*(3 + (8 - 3)). Let c(d) = -d**3 + 8*d**2 - 3. Let u be c(i). What are the prime factors of 9/6*(-22)/u?
11
Let g(k) = k**2 - 14*k + 15. Let v be g(14). Suppose -16*d + 54 = -v*d. List the prime factors of d.
2, 3
Let m = 18 - 5. Suppose -s - m = -57. List the prime factors of s.
2, 11
Let d(x) be the second derivative of x**4/12 - 2*x**3 - 17*x**2/2 + 18*x. What are the prime factors of d(18)?
7, 13
Let a be (-3 + 4)*(1 + 0 + 2). Suppose -2*z - 5*u = -46, -a*z + 49 = 2*z - 4*u. List the prime factors of z.
13
Suppose 6*u = -112 + 28. Let x = -23 - u. What are the prime factors of 52/(-6)*x/6?
13
Let v(r) = 8*r**3 - r**2 - 4*r + 3. Let u be v(3). Suppose 0 = -2*y - 2, 5*s = y - 3*y + u. Suppose p - s = -4*p. What are the prime factors of p?
2
Let i = -3040 + 5148. List the prime factors of i.
2, 17, 31
Let j(h) = -30*h + 260. List the prime factors of j(-5).
2, 5, 41
Let d(m) = -m**2 - 15*m - 6. Let j = -21 + 6. Let c be d(j). What are the prime factors of (-25)/(-4)*(-2 - c)?
5
Let w(k) be the first derivative of k**4/4 - 8*k**3/3 + k**2 - 12*k + 2. List the prime factors of w(9).
3, 29
Let a = 6 - -9. Let z be (-2)/5 - (-246)/a. Suppose 4 + z = 4*r. List the prime factors of r.
5
Let n = 59 - -13. Suppose -n - 68 = -c. What are the prime factors of c?
2, 5, 7
Let m(b) = 208*b**2 + 3*b - 63. What are the prime factors of m(-4)?
3253
Let k(j) = -25*j - 13. Let b(a) = -13*a - 6. Let f(q) = -5*b(q) + 3*k(q). List the prime factors of f(-9).
3
Let g = 20 + -26. Let c be g/9*147/(-2). Suppose 4*j = -3*k + 111, -2*k = -3*j + 30 + c. What are the prime factors of j?
3
Let h(